er?
False
Let k = -4 - 1. Let h(u) = -7*u - 3. Let a be h(k). Is (-3 + 5 - -1) + a composite?
True
Let u(j) be the third derivative of 3*j**4/8 + j**3/6 + 2*j**2. Let r be u(1). Suppose -4 - r = -2*a. Is a a prime number?
True
Suppose -3*d + 2*d = -163. Is d prime?
True
Let g(t) = 4*t + 1. Let p be g(1). Suppose -7 = -p*m + 13. Suppose -m*z - 67 = -5*k, 31 = -0*k + 2*k - 3*z. Is k prime?
True
Suppose 0 = -0*v - 4*v. Suppose 2*z + 4*q + 2 = v, 5*z + 0*q = 4*q + 37. Suppose k + 776 = z*y, -5*y + 3*k = 4*k - 774. Is y a prime number?
False
Let d be (-1)/(-2) + 2/(-4). Let z(j) = -j + 327. Let x be z(d). Suppose -5*q - 2*v = -x, 3*q - 196 = -v + 1. Is q composite?
False
Let n(v) be the third derivative of v**4/2 - 5*v**3/6 + 3*v**2. Is n(4) a prime number?
True
Let a(z) = -2*z + 1. Let f be a(-3). Let s = -5 + f. Suppose -s*w + 2*l + 180 = 0, -w + 2*l + 0*l = -91. Is w a prime number?
True
Let q be (-12 - -2)/(-2)*-1. Let i(z) = -15*z + 4. Is i(q) a prime number?
True
Let s = 512 + -281. Suppose -4*x + 101 + s = 0. Is x prime?
True
Suppose 3*a - 536 = a. Suppose -z + a = 3*z. Is z composite?
False
Suppose m - 716 = -3*n, -5*m = -3*m + 2*n - 1452. Is m prime?
False
Suppose -1 - 3 = 2*p. Let r be 0 + 0 + (-1 - p). Is 12/r + 4/(-2) prime?
False
Suppose b - 100 = 6*b. Let t = b - -29. Let j = 24 - t. Is j a prime number?
False
Let n be 0/(-2) + 3354 + 11. Suppose -3*x + 5*y + n = 0, -4*y + 2473 - 259 = 2*x. Is x prime?
False
Suppose -3*r + 2 + 1 = 0. Let m(t) = 22*t + 1. Is m(r) composite?
False
Let i be (4/(-14))/(2/(-14)). Suppose 0*t = i*t - 412. Is t a prime number?
False
Suppose -7*x = -2*x - 1155. Suppose 0*a - 4*g - 87 = -a, 0 = 3*a + 3*g - x. Is a prime?
True
Let d be (-6 + 1)/(-3 + 2). Suppose 0 = -0*s - d*s - 5*b + 5, 0 = 5*s + 2*b - 14. Suppose 125 = s*l - 23. Is l a prime number?
True
Let m = 129 + 5. Is m a prime number?
False
Let i(l) = 78*l + 29. Is i(10) a prime number?
True
Let j = 62 + 35. Is j composite?
False
Suppose 2468 = -3*y - 2*r, 3*y + 2*r - 4092 = 8*y. Is y/(-8) + 1/2 a composite number?
False
Let u = 76 + -77. Let p(c) = -60*c**3 + c**2 - 2*c - 3. Let v(l) = 119*l**3 - 3*l**2 + 4*l + 7. Let f(a) = 5*p(a) + 2*v(a). Is f(u) a composite number?
True
Suppose 2*s + 1 = 5. Suppose -4*d = -5*g + 83, -2*d = -3*d - s. Is 1*-34*g/(-6) prime?
False
Let v = -7 - -5. Let n = v + 0. Is (3 - (-19)/n)*-10 prime?
False
Is (-6458)/(-3) + (-7)/(-21) prime?
True
Suppose 7*q - 1655 = 2*q. Is q composite?
False
Suppose 124 = 5*v - s, 4*v + 4*s - 62 - 42 = 0. Let l = v - 12. Is l composite?
False
Let d be 2/(-1 + 54/58). Let g be (-8 + 0)*(-1 + 9). Let h = d - g. Is h composite?
True
Let j = -3 + 5. Suppose -4*k - 978 = -5*w, 4*w - 780 = -0*k + j*k. Is w a prime number?
False
Let a = -9 + 21. Suppose a = 2*x - 2. Is x composite?
False
Let h(z) = z**3 - 3*z**2 - 4*z + 2. Let j be (-1 + -1)*(-2 - 0). Let i be h(j). Suppose -60 = i*c - 218. Is c composite?
False
Let z = 1 - 0. Let d be 7 + z + 2 + -1. Suppose -4*b + d*b - 50 = 0. Is b composite?
True
Let b be ((-10)/4 - -2)*-206. Is (b - 0)/(1 - 0) a prime number?
True
Let s(l) = 6*l**3 - 1. Is s(9) a composite number?
False
Let b(u) = -u**2 + 9*u + 10. Let a be b(10). Suppose a = -2*j + 4*j - 4. Is 218*1 + 1 - j a prime number?
False
Let i be 6 + (-2 - (-3 + 0)). Let s = -5 + i. Suppose 0 = -5*o + 2*h + 265, o - 4*h - 159 = -s*o. Is o a prime number?
True
Let z(c) = -c**3 + 11*c**2 - 2*c + 2. Let u be z(11). Let t = u + 33. Is t a composite number?
False
Let f be ((-275)/3)/((-1)/3). Suppose -f + 7 = -2*c. Suppose -3*t = -t - c. Is t a composite number?
False
Is 2/(3 + -1 - (-216)/(-111)) prime?
True
Suppose 0 = g - 2*g. Let o be g*(-1 - (-3)/2). Suppose 0*j - 3*j + 4*z + 90 = o, -3*j + 117 = 5*z. Is j prime?
False
Suppose -y + 895 = -4*x, 0 = -4*x + 7*x. Is y composite?
True
Suppose 4*f = f - 15. Is (-142)/6*15/f a composite number?
False
Let z be (142/(-8) + -1)*(-16)/3. Let f = -93 - -148. Suppose 3*r - z = y, -r + f = y + 3*y. Is r a prime number?
False
Suppose 4*a - 2*a + 580 = 2*p, -p + 3*a + 292 = 0. Is p prime?
False
Let x(a) = -a**3 - 7*a**2 + 8*a + 3. Let h be x(-8). Let k be 2/(2/h) + 2. Suppose -3*y = y + 5*q - 27, -2*y - 9 = -k*q. Is y a composite number?
False
Let q(d) be the second derivative of d + 1/2*d**2 + 0 + 1/6*d**3 + 5/4*d**4. Is q(3) prime?
True
Let f be 46/10 - (-2)/5. Let o = 92 - 48. Let k = o + f. Is k prime?
False
Let r be ((-4)/(-5))/((-1)/(-5)). Let z = 19 - r. Is z a prime number?
False
Let u = -109 + 258. Is u a prime number?
True
Let h(w) be the first derivative of w**4/4 - 2*w**3/3 - 6*w - 4. Is h(5) composite?
True
Suppose 15*y - 3272 = 7*y. Is y composite?
False
Let v = 180 + -53. Is v prime?
True
Let a be 3 + (-6)/3 + 0. Is 101 + 0 - a - 3 composite?
False
Suppose -3*c - 3*j + 31 = -209, 3*j - 410 = -5*c. Is c prime?
False
Let r(j) = 20*j**2 - j. Let z(w) = 1 + w + 12 + 0. Let k be z(-12). Is r(k) a composite number?
False
Let y be (-10)/(-45) + (-119)/9. Let z = 34 + y. Is z a prime number?
False
Let h = -203 + 1936. Is h prime?
True
Is (-4 - -1)*2007/(-27) prime?
True
Let d = -35 - 225. Let l = -117 - d. Is l a prime number?
False
Suppose -s + 1951 = 4*z, -2*z = 4*s - 2*s - 968. Let d(w) = -w**3 - 5*w**2 - 5*w - 2. Let x be d(-4). Suppose g + x*g = z. Is g prime?
True
Suppose -7*r + 2*r - 6 = -4*a, -4*a + 4*r + 8 = 0. Suppose -34 = -2*d + a*y, 2*y - 38 = -4*d - 0*y. Suppose -d = -k + 56. Is k a prime number?
True
Let l be 50*(-1 + 9/6). Let k(u) = u**2 - 2*u + 1. Let b be k(3). Let a = l - b. Is a prime?
False
Suppose 5*w = 4*u - 31, 2*w = 5*u - 5 - 21. Suppose 2*c + a + 3 = 6, -5*a = -u*c + 41. Suppose 2*z + 66 = c*z. Is z a prime number?
False
Suppose 0 = -0*u - 3*u + 9. Is u prime?
True
Let s(o) = 6*o**3 + 4*o**2 + o + 1. Let d be 2*(-2)/4 - -3. Is s(d) a prime number?
True
Let x = 1884 + -1115. Is x prime?
True
Suppose 3*b + 40 = -14. Let z be 40/b + (-4)/(-18). Let v = z - -5. Is v composite?
False
Let i(g) = -2*g**2 - 7*g - 2. Let r(k) = k**2 + k. Let v(c) = -i(c) - r(c). Let q be v(-6). Suppose 3*b + q*a = 403, -a = -2*b + 6*b - 534. Is b prime?
False
Is (-33)/(1*(3 + -4)) prime?
False
Suppose 3*i - 7*n - 472 = -2*n, 139 = i + 2*n. Is i a prime number?
True
Let d = -22 + 53. Is d a composite number?
False
Let w(h) = 95*h - 2. Let l be w(4). Let u = l + -217. Is u a composite number?
True
Let d be 126/33 + (-4)/(-22). Suppose -318 = w - d*w. Is w a composite number?
True
Is 244/28 - 2/(-7) composite?
True
Let l(u) = -73*u + 19. Let g be l(-4). Let f = -9 + 13. Suppose -f*h = -g - 45. Is h a composite number?
False
Suppose -3*h - 1122 = -9*h. Is h a prime number?
False
Suppose -4*a - 1780 = a. Let x be a/3 + (-4)/(-6). Let d = x - -165. Is d composite?
False
Let x(w) = 81*w**2 + 9*w - 7. Is x(-7) a prime number?
False
Let h = 1002 - 688. Is h a prime number?
False
Suppose 476 = 3*c - p, 531 + 263 = 5*c - p. Is c a prime number?
False
Is (-7004)/(-10) - (-60)/100 composite?
False
Suppose -6*n = -n + 10. Let m(c) = -3*c + 1. Is m(n) composite?
False
Suppose 5*p = -z - 2 + 9, 4*p = 4. Let o be 9/(-2) + z/(-4). Let h = 28 + o. Is h a prime number?
True
Is 3 + -2 + -5 + 6471 a composite number?
True
Suppose -149 = -4*f + 795. Suppose -4*w + 2*w = -f. Is w composite?
True
Let i = -22 + 8. Let f(y) = y**3 + 4*y**2 + 5. Let c be f(-4). Let n = c - i. Is n composite?
False
Is ((-60)/36)/(2/(-222)) a prime number?
False
Let n(m) = 102*m**2 - m + 8. Is n(3) a composite number?
True
Let w(i) = -i**3 + 3*i**2 - i. Let x be w(2). Suppose q = -0*q + x. Is q composite?
False
Let j(r) = -293*r. Is j(-1) prime?
True
Let c(r) = 117*r**2 + 6*r - 5. Let n be c(3). Suppose 230 = -4*l + n. Is l a prime number?
False
Let w(d) = 45*d**2 - 19*d + 9. Is w(11) a composite number?
True
Let m(r) = -r**3 - 11*r + 5. Is m(-12) prime?
False
Is 4/14 + (-1580)/(-7) a prime number?
False
Let k = 20 - 26. Is (5 + k)/(2/(-370)) composite?
True
Suppose 0 = 2*i + k - 31630, 5*i - 79075 = -6*k + 3*k. Is i a composite number?
True
Let l(x) = 30*x**2. Let r be l(-1). Suppose -252 = -3*o - r. Let t = o - 53. Is t a composite number?
True
Suppose 1000 = 3*z + 2*z. Suppose -2*d - z = -7*d. Let p = d + -19. Is p a prime number?
False
Let c be (-4 + -1)*(-34)/5. Let y(x) = c*x - 1 - 2 + 0. Is y(2